u = -153. What are the prime factors of k?
79
Suppose -658499 + 581272 = -202*m + 2296879. What are the prime factors of m?
7, 23, 73
Let d(p) = -72*p - 556. Let x be d(-10). Let r be 278/(-3) - 2/6. Let a = x + r. What are the prime factors of a?
71
Let s be 4/20 + -2 + 128/10. Let c be 3*3 + -15 + s. Suppose c*l = -3*u + 63 + 254, 3*u - 4*l = 308. List the prime factors of u.
2, 13
Suppose -55*b - 2*r - 52742 = -57*b, b = 4*r + 26383. What are the prime factors of b?
3, 11, 17, 47
Let d = -52 - -66. Suppose 0 = d*b - 19*b + 1010. What are the prime factors of b?
2, 101
Suppose 32 - 216 = 4*k + 3*q, -2*k = 2*q + 94. Let g = k + 67. Let x = g + 12. What are the prime factors of x?
2, 3
Suppose -5*y + 8*y = v + 4441, 5*y = 5*v + 7385. List the prime factors of y.
2, 3, 13, 19
Let z(n) = -2*n - 6. Let w be z(-3). Suppose w = 3*t - 225 - 312. What are the prime factors of t?
179
Let s be 42/((-7)/((-140)/8)). Suppose 3*n + d - 3*d = -63, d - s = 5*n. Let y = 71 + n. What are the prime factors of y?
2, 5
Let w(b) = 14*b - 39. What are the prime factors of w(14)?
157
Suppose 9*d = -0 + 9. What are the prime factors of (93690/180)/(d/2)?
3, 347
Let s be (2/2)/((-1)/(-129)). Let k = -3162 + 3049. Let l = s - k. List the prime factors of l.
2, 11
Let k(d) = 41*d**2 - 45*d + 25. Let w be k(7). Suppose w + 680 = 2*g + n, 3*n - 2393 = -2*g. What are the prime factors of g?
1201
Let w = -187 - -210. List the prime factors of (w/(-46))/((-2)/508).
127
Let o(l) = 7*l - 19. Let j be o(3). Suppose 0 = -j*f + 492 + 600. Suppose 4*d - 202 - f = 0. What are the prime factors of d?
11, 17
Let b be ((-24)/(-9))/(2/3). Suppose 3*n - 4*n = b. Let g(s) = s**3 + 4*s**2 + 6. What are the prime factors of g(n)?
2, 3
Let n = 10752 + -1775. What are the prime factors of n?
47, 191
Let b = -162 + 609. Let i = b - 88. Let k = -139 + i. What are the prime factors of k?
2, 5, 11
Suppose 561 = -u + 1689. Let h = 2195 - u. List the prime factors of h.
11, 97
Suppose 2*m = -15*o + 6*m + 495108, -o + 4*m + 32996 = 0. List the prime factors of o.
2, 2063
Let l(f) = 8*f - 37. Let i be l(-10). Let u = 233 + i. Suppose 0 = -2*z + 364 - u. What are the prime factors of z?
2, 31
Let q(t) = -729*t + 3. Let a be q(-1). Suppose 2*d - a = 8*m - 12*m, d + 3*m = 363. What are the prime factors of d?
2, 3, 31
Let f = 14333 - 12571. What are the prime factors of f?
2, 881
Let r(x) = x**2 + 8*x - 65. Let w be r(-13). Suppose w = d - 4*d + 2256. List the prime factors of d.
2, 47
Let h(m) be the third derivative of -133*m**6/120 - m**4/8 - m**3/3 + 35*m**2. List the prime factors of h(-1).
2, 67
Suppose 0 = 12*n - 15*n + 49911. Suppose 23*r - 2200 = n. List the prime factors of r.
3, 7, 13
Suppose 0 = -2*b - 5*m + 483, -m - 188 = -5*b + 1087. Let t = 358 - b. Suppose -2*h + 4*z = -0*z - t, -2*h - 3*z = -104. List the prime factors of h.
2, 13
List the prime factors of -13295*(1 - -2)*(1 + -2)*1.
3, 5, 2659
Let f(w) = -w**3 + 2*w**2 + w. Let y be f(0). Suppose y = -5*k + 3*k + 744. What are the prime factors of k?
2, 3, 31
Let u = 112 + -320. Let b = u - -425. What are the prime factors of b?
7, 31
Suppose 8*h - 3*h + 4*i + 475 = 0, -3*h - 285 = -i. Let l = 78 + h. What are the prime factors of (-1904)/l - (1 + 1 + -2)?
2, 7
List the prime factors of (-365)/((-800)/265 - -3).
5, 53, 73
Let g(w) be the first derivative of w**4/4 - 10*w**3/3 - 2*w**2 + 6*w + 81. List the prime factors of g(13).
461
Suppose -126*x + 2288653 = 797695. List the prime factors of x.
11833
Suppose 4*r = 5*r - 2. Suppose 5*m - 1 = -r*n, 2*n - 4 = -m - m. What are the prime factors of ((-576)/(-28))/(n/14)?
2, 3
List the prime factors of (-58430034)/(-1806) + (-4)/14.
32353
Let j be -3 - 8/(-1) - (-12)/(-4). Suppose 5*g + j*a - 948 = 0, -421 = 4*g + 2*a - 1179. What are the prime factors of g?
2, 5, 19
Let q = 4212 + -3301. List the prime factors of q.
911
Suppose 149*j - 2410212 = -68*j + 21*j. List the prime factors of j.
3, 4099
Let r(h) = 23*h**2 - 2*h - 1. Let b be r(-1). Let f = -128 - -131. Suppose 5*w + f*w = b. List the prime factors of w.
3
Suppose 3*u - 4*u = 3*a - 1143, -3*u - 2*a = -3450. Suppose 0 = -11*h + 14*h - u. List the prime factors of h.
2, 3
Let u(i) = i**2 - 12*i + 34. Let t(n) = -3*n**2 + 27*n + 11. Let f be t(8). Let z be ((-3)/(-2))/((f/(-5))/(-84)). List the prime factors of u(z).
2, 71
Let i = 16817 - -27760. List the prime factors of i.
3, 13, 127
Suppose -47*w + 52*w + 3*a - 256716 = 0, 0 = -5*w + a + 256688. What are the prime factors of w?
3, 109, 157
Suppose 0 = -3*j + 39 + 21. Let b = -8 + j. What are the prime factors of (1136/b)/(8/12)?
2, 71
Let n be -40*(-6)/45*6/(-4). List the prime factors of 2369/3 - n/24.
2, 5, 79
Let u(h) = 25*h**2 + h - 17. Suppose 0 = 17*z - 8*z - 36. List the prime factors of u(z).
3, 43
Suppose 27*c = 186 - 78. Suppose c*h + 6*h = 7190. List the prime factors of h.
719
Let c(z) = -2*z**3 - 56*z**2 - 149*z - 35. Let m be c(-25). Let x be (-383)/(-4) - (-3)/12. Let j = x + m. List the prime factors of j.
2, 3
Let m(d) be the third derivative of -7*d**4/24 + 19*d**3/6 + 14*d**2. Suppose 2*t + 36 - 14 = 0. List the prime factors of m(t).
2, 3
Suppose -3*a - s = -0*a - 56, 4*a - s = 63. Suppose 13*n - 6960 = -a*n. What are the prime factors of n?
2, 29
Let c(o) = o**3 + 2*o**2 - 1. Let a be c(1). Let y(t) = -6*t**3 - t**2 - a*t**2 + 12*t**3 - 27 - 9*t - 7*t**3. What are the prime factors of y(-6)?
3, 5
What are the prime factors of (-5)/(-2)*(-6428844)/(-1935)?
2, 4153
Let x(n) = -74*n + 8. Let d be x(-18). Suppose 5*w - d = -4*q, -4*w + 278 + 830 = -4*q. List the prime factors of w.
2, 17
Let x(p) = 7*p + 23. Suppose 8 - 25 = -w. Let i be x(w). Let d = i + -79. What are the prime factors of d?
3, 7
Let l(p) = -2*p**2 - 6*p + 12. Let x be l(-4). Suppose -x*q - 17 = 5*c, 0 = -4*q - 0*q + c - 35. List the prime factors of (63/6)/((-2)/q).
2, 3, 7
Let r(n) = n**3 - 41*n**2 + 153*n - 417. What are the prime factors of r(42)?
3, 2591
Suppose -5*u + 203920 = 8*u + 45970. List the prime factors of u.
2, 3, 5
Let g(v) = 41*v - 33. Let a(l) = -6*l - 35. Let d be a(-7). Let h be g(d). Suppose -h - 374 = -4*y. List the prime factors of y.
157
Let u be (150/3 + 1)*(-1 - 0). Let q = 128 + u. List the prime factors of q - (0 - (5 - 4)).
2, 3, 13
Let m = 3051 + -1762. Suppose 18*y = m + 691. List the prime factors of y.
2, 5, 11
Let k(j) = -j + 44. Let b be k(-18). Suppose 7*g + b = 9*g. Suppose -g = -5*v + 49. List the prime factors of v.
2
Let o(l) = 111*l - 94. Let b be o(13). Suppose v + 707 = 2*f - 4*v, 3*v = -4*f + b. List the prime factors of f.
11, 31
Suppose -2*t + 80*n + 7264 = 79*n, -10893 = -3*t + n. What are the prime factors of t?
19, 191
Let z(j) = -j**3 + j + 1. Let n(f) = f**3 - f**2 - 10*f - 1. Let d(k) = -n(k) - 2*z(k). What are the prime factors of d(6)?
13, 23
Let j = 409 - 363. Suppose -24*a = -j*a + 4994. What are the prime factors of a?
227
Suppose 52*c - 5 = 51*c. Suppose 0 = 4*a - 20, a + 4*a - 1555 = -c*b. List the prime factors of b.
2, 3, 17
Suppose 3*c + c - 533 = -h, 3*h + 5*c = 1613. Let i = h - 156. What are the prime factors of i?
5, 7, 11
What are the prime factors of (15 + 1492/(-16))*(-168)/(1 - -1)?
3, 7, 313
Suppose -5*j - q + 157351 = 0, 4*q + 17853 + 45061 = 2*j. List the prime factors of j.
31469
Let k be ((-160)/(-28))/(-4*(-5)/70). What are the prime factors of (-4)/k*-5 - -214?
5, 43
Let d = -302 - -306. Suppose d*q + t = -402 + 3971, -3*q + 2675 = -t. List the prime factors of q.
2, 223
Suppose -h - 3*w = -7, -6*h + 5*w = -3 + 7. List the prime factors of h/(-4)*-8 - -889.
3, 11
Suppose 0 = -10*m + 422 + 1438. Let b = 217 + m. List the prime factors of b.
13, 31
Let p = 42100 - 26726. List the prime factors of p.
2, 7687
Let n(c) = c**2 - 44*c - 35. Let l be n(20). Let i = -763 - l. Let g = i + 369. List the prime factors of g.
11
Let a(o) = o**2 + 6*o - 13. Let s be ((-100)/15)/(2/(-3)). Suppose 0 = -5*t - 4 - 1, s = j - 2*t. List the prime factors of a(j).
3, 11
Let z(b) = 696*b - 4428. Let c be z(6). Let k(i) = i**2 - i - 522. Let f be k(0). Let d = c - f. What are the prime factors of d?
2, 3, 5
Suppose -52*q = -93*q + 268919. List the prime factors of q.
7, 937
Let i(y) = -2*y + 56. Let p be i(20). List the prime factors of